rivative of 7*u**4/24 + u**3/6 + 18*u**2 - 1. What is i(2)?
15
Let g(l) = 1 + 36*l - 5 + 6*l - 13*l. Give g(2).
54
Let k(q) = -2*q - 20. Let c(a) = -a - 16. Let f(h) = 5*c(h) - 4*k(h). Calculate f(2).
6
Let v(z) be the second derivative of z**5/20 + z**4/3 - z**3/2 + 3*z**2/2 - 19*z. Suppose 2*q - 11 = 3. Let g be (q/14)/((-1)/10). What is v(g)?
-7
Let q(p) = -p**2 - p + 3. Let u(t) = -2*t**2 - 4*t + 7. Let s(i) = 5*q(i) - 2*u(i). Calculate s(3).
1
Let q(x) be the first derivative of -x**4/4 + 2*x**3/3 + x**2 + 4*x - 68. What is q(3)?
1
Suppose 0 = 3*w + 3*l - 27, 2*l - 29 = -3*w - 2*l. Let a(n) = -84 + 84 - 5*n**2 - 8*n + 6*n**2. Give a(w).
-7
Let l be 6/(-8)*2*8/(-6). Suppose -7*g - l*g = g. Let j(h) = -h**3 + h**2 - 16. Calculate j(g).
-16
Let v(w) = w**3 + 17*w**2 - 19*w - 18. Let i be v(-18). Let g(b) be the second derivative of -1/2*b**4 + 0*b**3 + i + 0*b**2 - 3*b. What is g(-1)?
-6
Let p(q) = -5*q**3 - 6*q**2 + q + 2. Let y(s) = -2*s**3 - s**2 + 1. Let i(z) = p(z) - 4*y(z). Give i(2).
16
Let v(c) = c - 16. Let w = -361 - -373. Determine v(w).
-4
Let k(f) be the second derivative of f**4/12 - 2*f**3/3 + 3*f**2/2 + 28*f. Suppose 20*z - 8 - 32 = 0. Calculate k(z).
-1
Let s(j) = j**3 + j. Suppose 2*d + 3*k = 19, -d + 2*d + 3 = k. Determine s(d).
10
Let f(m) be the second derivative of m**5/20 - 5*m**4/12 - 5*m**3/6 + 5*m**2/2 - 717*m. Determine f(6).
11
Suppose s - 5 + 3 = 0. Let q(i) = 5*i**2 + i**3 - 4*i**s - 2*i**3. Let g be q(2). Let y(t) = -3*t. Calculate y(g).
12
Let k(f) be the first derivative of -f**4/4 - 5*f**3/3 + 3*f**2/2 - 8*f + 8. Let h(p) = p - 10. Let g be h(6). Let i = -10 - g. Give k(i).
10
Let w(x) be the third derivative of 0*x - 15*x**2 - 1/60*x**5 + 1/3*x**4 - 1/3*x**3 + 0. What is w(7)?
5
Let y(b) = -2*b + 3*b + 14 - 2*b. Let r = -1027 + 1034. Calculate y(r).
7
Let b(l) be the third derivative of -l**5/60 - l**4/8 + 2*l**3/3 + 16*l**2. What is b(-5)?
-6
Let n(z) be the first derivative of z**7/840 + 7*z**6/360 + z**5/30 - z**4/24 - 8*z**3/3 + 5. Let w(k) be the third derivative of n(k). Give w(-6).
11
Let w(r) = 5*r**2 + 2*r - 1. Let t(m) = -25*m + 151. Let o be t(6). Calculate w(o).
6
Let r(x) be the second derivative of -x + 1/2*x**2 + 0 + 1/12*x**4 + 5/6*x**3. Let h be (32/(-112) - (-74)/14)*-1. What is r(h)?
1
Let o(d) = d**3 - 3*d**2 + 4*d - 7. Let i be (-2 - 1 - -4)*-1. Let y(j) = -j**3 - j**2. Let p(k) = i*o(k) - 2*y(k). Give p(-6).
-5
Let x(q) = -2*q**3 + q**2 + 5*q - 8. Let b(m) = 2*m**3 - m**2 - 6*m + 9. Let h(k) = -3*b(k) - 4*x(k). Let s be h(0). Let u(j) = j**2 - 6*j - 1. What is u(s)?
-6
Let n = 3 - 2. Let k = -1 + n. Let b(m) = -4 + 12*m - 11*m + 1 - 1. Give b(k).
-4
Let l = 0 - 6. Let u be (-3)/(-1) + (l - 0). Let f(j) be the first derivative of j**4/4 + 4*j**3/3 + j**2/2 + 100. What is f(u)?
6
Let p(z) = -4*z**3 + z**2 - z + 1. Let h(r) = 33*r**3 - r**2 - r - 16. Let m(j) = -h(j) - 8*p(j). Determine m(-8).
0
Let z(h) = h**2 + 9*h + 8. Let y = -401 + 393. Determine z(y).
0
Let u(r) = -r + 11. Let i(z) = -12*z**2 - 2. Let f be i(-1). What is u(f)?
25
Let c = 397 - 395. Let v(l) be the third derivative of 0*l - 1/24*l**4 - 4*l**c + 1/60*l**6 + 1/30*l**5 + 0 + 0*l**3. Calculate v(-2).
-6
Suppose 5*l + 29 = 4*z, -2*z + 16 = 4*l + 34. Let k(s) = 3*s**3 + s**2 - s. Give k(z).
3
Let b(r) = r + r**3 - 2 + 5*r**2 + 4*r - 10*r. Let x = -2588 - -2583. Determine b(x).
23
Let m be 21/(-147)*7/(-4). Let n(z) be the first derivative of -1/3*z**3 - 3*z + m*z**4 - 1/2*z**2 - 4. What is n(3)?
12
Suppose w - 20 = -17. Suppose -w*r = -3*n - 15, 3*r - n = -6*n + 7. Let v(o) = -o + 1 - 4 + 2. Calculate v(r).
-5
Let w(l) = -l**2 + 104*l - 5*l**2 + 5*l**2 - 106*l - 2*l**2. Calculate w(-3).
-21
Let b be 1*2/(-2)*1. Let k be (0 + b)/(-1)*1. Let j(g) = -14*g + 14*g - 2 + 1 + 0 + 6*g. Determine j(k).
5
Let p(i) = -2*i + 4. Let w be -16*((-26)/4 + 7) + 5. Calculate p(w).
10
Suppose -16*f - 74 = -10. Let m(q) = -2*q**2 - 5*q + 4. Give m(f).
-8
Let a(r) = -r**2 - 5*r - 6. Let o(h) = 5*h + 5. Let u(v) = -2*a(v) - 3*o(v). Let x be (-165)/7 + (-4)/(-7). Let w = -19 - x. What is u(w)?
9
Let u(d) = 2*d**3 - 15*d**2 - 3*d - 43. Let s be u(8). Let m(l) = l**3 + 3*l**2 + 3*l - 2. Calculate m(s).
-11
Let t(q) be the second derivative of 5*q**3/3 - 5*q**2/2 + q - 123. Determine t(2).
15
Let u(f) = -f**3 - 6*f**2 - 4*f - 10. Let h be u(-6). Let b be (-42)/(-98) + 8/h. Suppose -y - b = g, -4*g - 2*y - 4 = 4. Let l(t) = 2*t + 4. Calculate l(g).
-2
Let x(n) = -n**2 - 17*n - 3. Let c be -34*((-4)/10 - (-171)/190). Determine x(c).
-3
Let j(s) = -4*s**2 - 10*s + 9. Let x(b) = -5*b**2 - 11*b + 10. Let r(t) = -6*j(t) + 5*x(t). Let f be 1/4 - (-1107)/36. Suppose 15 = -f*h + 34*h. What is r(h)?
-4
Suppose -5 = -8*t + 7*t. Let i(r) = -t*r**2 + 0*r + 4*r**2 + 2*r. What is i(-2)?
-8
Let t(m) = -m + 9. Let u(j) = -2*j - 4. Let k be u(-6). Let r be t(k). Let h(w) = -1 + r - 13*w + 0 - 1. What is h(1)?
-14
Let z(i) = 4*i - 6. Let n be 61/(-6) + (-3)/(-18). Let x(r) = 2*r + 24. Let c be x(n). What is z(c)?
10
Let b(u) = -3*u - 8. Let l(n) = -7*n - 15. Let s(x) = -5*b(x) + 2*l(x). Suppose z + z = -d, 3*d + 33 = 5*z. Determine s(d).
4
Suppose 0 = 2*l + l + 90. Let h be (-4)/28 - l/14. Let d(b) = -16*b + 11*b - b**h + 2 + 11*b. Give d(6).
2
Let x(y) = -3*y + 95. Suppose z - 9 - 20 = 0. Let m be x(z). Let w(o) = -o**3 + 9*o**2 - 6*o - 11. Calculate w(m).
5
Suppose 11 = 2*w + 5. Suppose 5*i - y = 0, 2*i - 5*y = i. Let g(o) = -1 - 2*o + 3 - w + i. Calculate g(2).
-5
Let i(m) = -3*m + 0*m + 341 - 328 - m. Calculate i(4).
-3
Let f be ((-20)/(-6))/(0 + (-7)/(-21)). Let b(q) = q**3 - 11*q**2 + 10*q - 2. Determine b(f).
-2
Let b = 40 - 60. Let v = -18 - b. Let k(d) = -2*d + d - 4*d**2 + 7*d**v - 2*d**2 - 2. Calculate k(-3).
10
Let i(x) = x**3 - 6*x**2 + 2*x + 6. Let g(y) = y**3 + 5*y**2 - 6*y - 2. Let a be g(-6). Let q be a + 0 + -2 + 15 + -6. Determine i(q).
-9
Let x(c) = -12 - 34 + 43 - 4*c. What is x(-3)?
9
Let i(b) = 32*b - 3. Let h = -356 - -355. Determine i(h).
-35
Suppose f = 3*f. Let h = 1 - f. Let k(q) = -5*q**2 + 2*q - 1. Calculate k(h).
-4
Let n(q) = -737 - 9*q**2 + 739 + 0*q + 2*q. Calculate n(2).
-30
Let b(k) = -4 + 7 - 31*k - 8 + 6 - 3. What is b(2)?
-64
Let q(p) = -p + 6. Let l(z) = 2 - z - z + 4 + 1. Let d(g) = 4*l(g) - 5*q(g). Suppose 0*j - 8 = 4*j. What is d(j)?
4
Let v(l) = -l + 14. Let p(r) = r**2 + 23*r - 5. Let b be p(-20). Let q = b - -76. Give v(q).
3
Suppose 0*l - f = -4*l + 14, 2*f - 5 = -3*l. Let i(s) = -1 + 0*s + 2 + l*s + 2. What is i(-3)?
-6
Let v(z) = -z**3 + 0*z**3 - 3*z**2 + 9*z**3 + 4*z**2 - 4 - 3*z - 7*z**3. Determine v(-2).
-2
Let s(r) = -r + 6 - 5*r - 3*r**2 - r - 8. What is s(-3)?
-8
Let i be (2/2)/(-1 + 2). Suppose -9 + i = -4*z. Let d(f) = -14*f**2 + 6*f + 1 + 15*f**z + 1. Give d(-5).
-3
Let p = 17 + -11. Suppose -3*q + p = -0*q. Let h(l) = 7 - 2*l - 1 - 7 + 4*l. Calculate h(q).
3
Let i(u) = 2*u - 4. Let n = -42 + 47. Suppose -5*y - n = 2*x - 20, -5*y - 3*x + 15 = 0. Determine i(y).
2
Suppose 0 - 4 = -2*d. Let u(g) = 5*g - 2. Give u(d).
8
Let o(s) be the third derivative of s**5/60 - 5*s**4/24 - 7*s**3/2 - 863*s**2. What is o(9)?
15
Let c = -39 - -21. Let w = c - -21. Let g(p) = 0*p - 3*p**2 - 2 - 3*p + p**3 + 3. What is g(w)?
-8
Let p(t) = -2*t**2 - 7*t + 2. Let o(z) = -6*z**2 - 20*z + 7. Suppose 4*y = -14 + 2. Let b(x) = y*o(x) + 8*p(x). Determine b(-4).
11
Let m(i) = 2*i**2 + 11*i + 7. Let r(j) = j**3 + 18*j**2 + 26*j - 100. Let y be r(-16). Calculate m(y).
-5
Let c(a) be the first derivative of -a**4/4 - 8*a**3/3 - 7*a**2/2 + 3*a - 140. Determine c(-7).
3
Let h = -25 - -3. Let m(y) = -9*y - 35. Let n be m(-6). Let a = n + h. Let b(s) = -s**2 - s + 3. Determine b(a).
-3
Let q(x) = -36 + 41 - 19 + x. Calculate q(10).
-4
Let s(n) = -n**2 + 13*n - 43. Let h be s(6). Let d = -4 + 10. Let k(b) = -5*b + 1. Let f(r) = -r + 1. Let y(i) = d*f(i) + h*k(i). Determine y(-6).
11
Suppose 5*t - 2*t = 0, -2*g + 4*t + 6 = 0. Let x(f) = f**g - 3 - 2*f + 2 - 2*f**2 + f + f**3. What is x(2)?
5
Let v(i) = i**2 - i + 1. Let n(h) = h**3 + 6*h**2 - 8*h + 2. Let d(g) = -n(g) + 3*v(g). Let b = 9 + -13. Calculate d(b).
-3
Let v be 8/16 + 15/2. Suppose 53 = 9*f + v. Let t(n) = 2*n - 7. Determine t(f).
3
Suppose 2*z = -z. Let s = 9 - 2. Let m(u) = -s -